 prime number?
False
Suppose -10*t - 2572 = -5*q - 7*t, 2*t - 2 = 0. Is q composite?
True
Suppose -c + 2*s - 6 = -1, 4*c - 5 = 3*s. Let h = 92 - 26. Suppose -c*j - 16 = -h. Is j prime?
False
Suppose -5*r + 282 = -733. Is r prime?
False
Let a(f) = 5*f**2 - 2 + 1 - f - 2*f. Let g be ((-8)/16)/((-1)/(-6)). Is a(g) a composite number?
False
Let t(h) = -4 + 1 - 1 + 9*h. Is t(3) prime?
True
Is (18 - 0) + (-9 - -6 - 0) a composite number?
True
Let t = 8 - 0. Suppose -t = -2*z - 46. Is (-1)/((-37)/z + -2) composite?
False
Let j = 978 - 511. Is j prime?
True
Let z(t) = -53*t + 8. Is z(-6) composite?
True
Suppose -5*a + 1391 = -294. Is a a composite number?
False
Suppose -18 = 2*c + 96. Let n = 94 + c. Is n a prime number?
True
Suppose 108 = -2*f - 2*b, -b - 4*b = 4*f + 219. Let l = f + 2. Is (l + (-6)/3)*-1 a prime number?
False
Suppose -6152 = -42*x + 38*x. Is x a composite number?
True
Let y(z) = z**3 - 11*z**2 + 8*z + 6. Let f be y(7). Let x = 213 + f. Is x composite?
False
Let l(d) = 7*d**2 - 9*d - 3. Let g(b) = -b**2. Let x(q) = 2*g(q) + l(q). Is x(11) a prime number?
True
Suppose -a - 1885 = -6*a. Is a a prime number?
False
Suppose 3 = 3*x - 6. Let a be (40/(-6))/(-5)*x. Suppose 162 = a*r - 58. Is r a composite number?
True
Suppose 262 = 5*l - 158. Let u = l - 51. Is u a prime number?
False
Suppose -m = -3*m - 140. Let u = 137 + m. Is u composite?
False
Let l be 35/(-21) + (-4)/(-6). Is ((-3)/l + -82)*-1 composite?
False
Suppose 0 = q + 536 - 27. Let c = 717 + q. Let g = c + -129. Is g a prime number?
True
Let z(v) = 68*v - 3. Suppose x - 3 = -0*x. Is z(x) prime?
False
Let k = 726 + -355. Is k a composite number?
True
Suppose 0 = 2*z - 2 - 6. Suppose -x = -47 + z. Is x a prime number?
True
Is (1185/25)/((-3)/(-15)) composite?
True
Let l(z) = z**2 - 81. Let y be l(0). Let g = y - -492. Is g a prime number?
False
Let a be ((-36)/(-4))/(6/4). Suppose f - a*f + 3*p + 382 = 0, f = 4*p + 73. Is f composite?
True
Suppose 0 = -6*l + 5*l + 5. Suppose 2*k = 3*s - l*s - 4, 0 = -5*s - 20. Suppose -2*z + 76 = k*z. Is z prime?
True
Let g(w) = -w**2 - 7*w + 5. Let j be g(-7). Suppose 4*x - 107 = 3*x + 5*r, 0 = 5*x - j*r - 455. Is x a composite number?
True
Suppose c - 29 = 3*z, 4*c - 6 = -5*z + 6*z. Let x = z - -19. Let m = 1 + x. Is m a prime number?
False
Suppose -3*f - 190 = 2*m, -6*f + 5*m - 275 = -f. Let s be (3 - 2)/((-2)/f). Suppose 3*g + 28 = 2*k, -5*k + 5*g = -40 - s. Is k a prime number?
False
Let q = 6 - -49. Is q composite?
True
Suppose -2*k + 5*k = -105. Let y = -17 - -59. Let z = y - k. Is z prime?
False
Suppose -17*c + 16*c = -149. Is c a composite number?
False
Let v be 10 - (-3)/(1 - 4). Let s(b) = 13*b. Let o be s(1). Let f = o + v. Is f a composite number?
True
Is 48230/42 + 4/6 composite?
True
Suppose 0 = 4*u, -4*u - 1 = -5*a + 14. Is a composite?
False
Suppose 0 = -6*l + 2*l + 84. Suppose -f - 4*v = -l, 0*v = -v + 2. Is f prime?
True
Let a(z) = 168*z - 49. Is a(10) composite?
True
Let m(z) = -4*z**2 + 5*z - 10. Let n(p) = 3*p**2 - 6*p + 9. Let r(v) = 2*m(v) + 3*n(v). Is r(12) prime?
False
Suppose 5*s = 2*c + 2557, -5*c - 1537 = -3*s - c. Is s a composite number?
True
Let d = -1 + 1. Suppose 2*f + 3*f - 35 = d. Is f prime?
True
Suppose -4*a = 3*i - 6589, 2*i + 0*a + a - 4386 = 0. Is i composite?
True
Is 2/(-8) - 145863/(-76) a prime number?
False
Is (1 + 8)*-1*1149/(-9) composite?
True
Suppose -g - 323 = -4*r, 4*g + 42 = r - 20. Suppose 95 = 2*h + 5*x - r, x = -1. Is h a prime number?
False
Let i = -11 + 8. Let g(o) = -3*o**3 - o**2 - 2*o - 1. Is g(i) a composite number?
True
Suppose -3*c + 4*t = -857, 2*c - 827 + 256 = 3*t. Is c a composite number?
True
Let i = -60 - -111. Is i composite?
True
Let o(g) = g**2 - 5*g + 3. Let n be o(4). Let t be (1 + 80)*n*-5. Suppose -3*r = 2*u - 4*u + 142, 5*u + 5*r = t. Is u a prime number?
False
Suppose 4*w - 30 = 5*h, 4*h - 12 = -2*w - 2*w. Is 0 + 74/(-4)*h composite?
False
Let w = 240 + -133. Suppose -3*f + w + 7 = 0. Suppose b - 2*x - f - 11 = 0, 4*b = 2*x + 208. Is b composite?
False
Is (82/(-8))/(1/(-124)) prime?
False
Let f(a) = a**2 - a + 16. Let s be f(0). Suppose -j - s + 93 = 0. Is j prime?
False
Let s = 61 + -37. Let i = 33 + s. Is i composite?
True
Let j(h) = 2*h**3 - 4*h**2 + 4*h - 6. Let y be j(5). Let k = y - 45. Is k a composite number?
True
Let m(n) be the third derivative of 7*n**4/12 + 5*n**3/2 - 2*n**2. Is m(14) prime?
True
Let l = 13 - 9. Let p be (12/(-21))/((-6)/21). Suppose -2*t = -l*u - t + 29, p*u - 3*t - 17 = 0. Is u composite?
False
Suppose p = 5*p + 6936. Is p/(-8) - (-3)/12 a prime number?
False
Suppose 0 = w - 7 + 3. Suppose -3*j = -w*j + 237. Is (j/(-6))/((-2)/4) a prime number?
True
Let i = 1 + 4. Suppose -2*o - 18 = -i*d, -d = -0*o - 2*o - 2. Suppose a - 159 = -3*p, 18 = -d*p - a + 230. Is p composite?
False
Suppose -4*s + 1012 = -2*v - 0*v, 4*s = -5*v + 1012. Is s a prime number?
False
Is (-22)/(-198) - 10970/(-9) a prime number?
False
Let w(u) = -6*u**2 - 2*u + 3. Let c be w(3). Let m = 2 - c. Is m a prime number?
True
Suppose -h + 40 = 3*h. Let v(o) = -o**3 + 9*o**2 + 12*o + 13. Is v(h) a prime number?
False
Let x(b) = -b**3 - 21*b**2 - 22*b - 1. Is x(-20) a prime number?
False
Let g(z) = 11. Let p(v) = -v - 23. Let k(t) = 5*g(t) + 2*p(t). Is k(-11) composite?
False
Suppose 0 = 12*s - 7*s - 1465. Is s prime?
True
Suppose 5*g + 4*c = -34, -2*g + c + 0*c - 11 = 0. Let k = g + 13. Is (-95)/(-35) - (-2)/k a prime number?
True
Let n = 46 - 41. Suppose 0 = -2*i + 4 - 2. Is (-2 + 9)/i*n a composite number?
True
Suppose 139 - 743 = -2*g. Is g a prime number?
False
Let k(v) = -v**3 - 4*v**2 - 5*v. Let n be -6 - -1 - (2 + 0). Let b be k(n). Suppose -4*g + 78 = -b. Is g a composite number?
True
Let o(p) = -53*p - 2. Let x(a) = 107*a + 3. Let t(j) = -5*o(j) - 3*x(j). Is t(-2) prime?
True
Let a be ((-2)/(-3))/((-1)/(-15)). Suppose 2*q = -3*q + a. Suppose -2*h - q*f = -68, -h - 5*f - 52 = -2*h. Is h prime?
True
Let p(k) = 2*k**2 - 12*k + 2. Let i be p(6). Is 13 + (i - 0/1) composite?
True
Let f(m) = 466*m - 29. Is f(6) prime?
True
Let j(z) = -z**2 + 11*z + 8. Let f be j(8). Let k = f + -10. Is k a composite number?
True
Let i(b) = -b**2 - 5*b - 2. Let h be i(-2). Let x = -114 - 256. Is x/5*(-2)/h a composite number?
False
Suppose -4*r + 2*g + 20 = 0, 5*r + 3 - 13 = -5*g. Let k(y) = -y**2 + 6*y - 4. Let s be k(r). Suppose -4*n = -3*h + 297, 2*n = 4*h + s*n - 374. Is h prime?
False
Is (1 + -3)/(16/(-4024)) prime?
True
Let l = -295 - -82. Is 1/(3/(l/(-1))) composite?
False
Let z(x) = x**3 + 15*x**2 + 8*x - 7. Is z(-12) a prime number?
False
Suppose 4*p - 3*a - 5 = 0, -5*p + 3*a = -6 - 4. Suppose -r - 4*i + 38 + p = 0, -i = 0. Is r a prime number?
True
Let c = -267 + 470. Is c a composite number?
True
Let a(b) = -14*b + 4. Let p be a(3). Is (p - -7)*-1*1 composite?
False
Let p be 1384/3 - (-2)/(-6). Is p/4 + (-1)/4 composite?
True
Let m(i) = -i**2 - 5*i + 4. Let t be m(-5). Let g = -6 + t. Is 20 - (1 + g - 1) a composite number?
True
Suppose -w + 4*s + 291 = 0, 0 = -4*w - 0*w - 5*s + 1248. Is w prime?
True
Let b(o) = -o**2 - 2*o + 3. Let x be b(2). Let j(u) = -12*u - 5. Is j(x) a prime number?
False
Let c be (-6)/(-27)*3*6. Let k(x) = -x**3 + c*x - 2*x + 9 - 5*x**2 + 4*x. Is k(-7) a composite number?
True
Let x = -307 + 721. Suppose 774 = 3*b + 2*q + 157, 2*b + 2*q - x = 0. Is b a composite number?
True
Suppose -2*c = -7*c + 25. Suppose 0*n + n = -j + 30, -4*j - 114 = -c*n. Is n a prime number?
False
Let x(o) = 24*o**2 - 6*o - 1. Is x(-4) prime?
False
Let f(d) = -d**3 + 2*d**2 + 2*d + 1. Let o be f(-1). Suppose q + y = -3*q - 5, -2*q + o*y - 10 = 0. Is q/(3 + 406/(-134)) a prime number?
True
Let f(z) = z**2 + 8*z + 7. Let d be f(-7). Suppose 0 = -3*q - 3*v - d*v + 372, -623 = -5*q - 4*v. Is q composite?
False
Suppose -3*p = -3*l + 51, 2*p = 4*l - 0*p - 60. Let k be 12/5 - 14/35. Is 0/(5 - k) + l a composite number?
False
Suppose 4*n = -5*a - 10, -2*a - 2*n = 2 + 4. Suppose -43 = 3*s - 4*s + z, a*z = -3*s + 149. Is s composite?
False
Let l(h) = -h**2 - 4*h + 1. Let a be l(-4). Let m be 6*(-3)/(-6)*a. Suppose -2*w - 3*r = -4*r - 98, 4*r + 157 = m*w. Is w a prime number?
True
Let i(q) = -25*q**2 - q - 10. Let f(y) = 12*y**2 + 5. Let k(o) = 9*f(o) + 4*i(o). Is k(-4) composite?
False
Le